5). Let p = -52 + v. What is the tens digit of p?
6
Suppose 3*d = -6, -d = -3*o + 6*o - 292. Suppose 0 = 5*n - 42 - o. Suppose -5*m = l - 29, 2*m + 2*m = 4*l + n. What is the units digit of m?
6
Suppose 0 = -4*w - 5*r + 1764, -5*w + 1758 = -3*r - 410. What is the units digit of w?
6
Let x = 188 - -174. What is the units digit of x?
2
Let v(w) = w**3 + 10*w**2 + 6*w + 2. Let i be v(-5). Suppose -3*p + i = -71. What is the units digit of p?
6
Let m be (4/8 - 3)*-2. Suppose 5*t - 3*q - 15 - 5 = 0, -m*t - 4*q + 20 = 0. Suppose f + 3*f + 71 = 3*h, 0 = t*f + 8. What is the tens digit of h?
2
Suppose -y - 5*q - 10 = 5, 2*y + 2*q + 6 = 0. What is the units digit of 1/(2/54) + y?
7
Let b(u) = 7*u**2 + 186*u - 4 + 2*u**3 - 19*u**2 - 192*u. What is the units digit of b(7)?
2
Let x(t) = 82*t - 1. Let p be x(1). Suppose p = -0*w + 2*w + 5*d, -25 = 5*d. What is the units digit of w?
3
Let w = -1216 + 3736. What is the tens digit of w?
2
Let s = 203 - 77. Suppose 0*w + s = -3*w. Let x = -15 - w. What is the tens digit of x?
2
Let k = -607 + 875. What is the hundreds digit of k?
2
Let s be 165/(-30) + 3/2. Let d(i) = -15*i + 8. What is the tens digit of d(s)?
6
Let t be -1 + ((-12)/(-4) - -2). Suppose 0*u + t*u = 208. What is the tens digit of u?
5
Suppose 2*b - 5 = 2*s - 13, -5*s = 3*b + 20. Let v(q) = 7*q**2 + 1. What is the units digit of v(s)?
8
Suppose 0*f + 6 = -3*v - f, 0 = 3*v - f. Let q be (4/12)/(v/6). What is the tens digit of q/3*(-4 + -77)?
5
Let j = 1175 + -615. What is the units digit of 9/4*j/21?
0
Let r(y) = -y**3 - 2*y**2 + 4*y - 3. Let v be r(-7). Let n = v + -115. What is the tens digit of n?
9
What is the tens digit of (-9303)/(-42)*(-1 - -3)?
4
Suppose 3*w = -12, -4*s = -3*w - w - 20. What is the units digit of (0 - 1)*s*(-110 + -5)?
5
Let c = 41 - 22. Let q be (-1 + 2)*-2 + c. Let d = q - -5. What is the units digit of d?
2
Let b(o) = o**3 + 10*o**2 + 10*o + 11. Let r be b(-9). What is the tens digit of (1/(3/r))/(44/858)?
1
Let a be -1*-3*(-1 + -2). Let x = 11 + a. Suppose -2*f + 48 = x*f. What is the tens digit of f?
1
Let j be 1/(-8)*-8 + (0 - 10). What is the hundreds digit of ((-1)/((-4)/(-59)))/(j/180)?
2
Suppose -3*t = -3*q - t + 341, 3*q = 3*t + 336. What is the hundreds digit of q?
1
Let j be (5/(-10))/(2/(-520)). Suppose z = -5*a + 2*z + j, -a - 5*z = 0. Let u = a - 1. What is the units digit of u?
4
Suppose 0*m - 900 = -5*m. What is the tens digit of (-9)/(m/64 + -3)?
4
Suppose 25 = -2*r - 3*r. Let v be -1*2*(r - -4). Let x = 7 - v. What is the units digit of x?
5
Suppose 3*h + 3*f = 5985, -5*f = 2*h - 1124 - 2854. What is the thousands digit of h?
1
Let a = 35 + 5. Let p = a - 46. What is the units digit of -3 - -2*(-93)/p?
8
Let k be 5*2136/(-15)*2/4. Let i = k + 591. What is the units digit of i?
5
Let l(o) = 5*o + 15. Let b be l(-9). Let d be 5/(b/118)*-3. Let m = d + -12. What is the units digit of m?
7
Let m = -672 + 1692. What is the hundreds digit of m?
0
Let w(p) = p - 3. Let m be w(2). Let c be (5/(-2))/(m/14). Let v = c + -15. What is the units digit of v?
0
Let h(z) be the second derivative of -z**3/3 + 12*z**2 - 8*z. What is the units digit of h(-7)?
8
What is the tens digit of (7668/(-54))/(2/(-3) + 0)?
1
Let f(k) = -32*k + 52. Let n be f(11). What is the tens digit of (18/36)/((-1)/n)?
5
What is the tens digit of 1681 + (-6 + 1 - -4)?
8
Let a(p) = p**2 + 12*p - 5. Let t be 3*68/12 - -1. Let g = 4 - t. What is the units digit of a(g)?
3
Let f = -20 + 23. Suppose -f*u = 733 - 2785. Suppose 8*l = u - 148. What is the tens digit of l?
6
Suppose -13 - 159 = -y. Suppose 4*u - 2*d = 230, -3*u + d + d + y = 0. What is the units digit of u?
8
Let z be -1*(1 + -1 + -3). Let t be (3 - z)/(3 - 0). Suppose v - 3*a - 3 = t, 8*a = 5*v + 3*a - 65. What is the units digit of v?
8
Let k = 124 + -122. Suppose 324 + 116 = k*i. What is the units digit of i?
0
Let d(p) = 394*p**2 + 3*p + 1. What is the units digit of d(-1)?
2
Let v(y) = -14*y + 26. Suppose -3*f = 10*u - 9*u + 19, -3*f - 2*u - 20 = 0. What is the units digit of v(f)?
0
Let g(i) = 3*i - 4 + i - 6 - 50*i. What is the tens digit of g(-3)?
2
Let d(a) be the third derivative of a**6/120 + 4*a**5/15 + 25*a**4/24 - 7*a**3/6 - 16*a**2. What is the units digit of d(-14)?
5
Let p(b) = 2*b + 16. Let n(l) = 18 - 10 - 56 - 5*l. Let f(c) = -3*n(c) - 8*p(c). What is the units digit of f(9)?
7
Suppose 3*x = -3*u + 534, 3*u - 562 = 4*x - 56. What is the units digit of u?
4
Suppose 4*x - 2592 = -3*w + 2*x, -2*w + 1728 = -x. What is the units digit of w?
4
Let f(d) = 2*d + 34. Let b be f(-10). Suppose 0 = -11*k + b*k - 384. What is the hundreds digit of k?
1
What is the thousands digit of 6/(-20) - (-103652)/40?
2
Let k = -95 + 149. Let h = k + -36. What is the tens digit of 400/h + 4/(-18)?
2
What is the hundreds digit of (-33610)/(-70) + (-3)/21?
4
Suppose -2*h + i = -1261, -4*h + i - 4*i + 2497 = 0. What is the tens digit of h?
2
Suppose 60*d + 19153 - 158953 = 0. What is the units digit of d?
0
Let g = 191 - 123. Let p = g - 30. What is the units digit of p?
8
Let x(c) = -3 - 7*c**2 - 9*c**2 + 3*c**2 + 17*c - c**3. What is the units digit of x(-15)?
2
Let w(f) = -f - 1. Let a be w(-1). Suppose -5*r - 3*j - 23 = -188, a = -j. What is the units digit of r?
3
Let a(z) = -11*z - 22. Suppose 2*f = 2*h + 10, 2*h = 4*f - f - 5. What is the units digit of a(h)?
8
Suppose -s = -4*q + 195, q = 5*q - 2*s - 190. Let n = q - 292. What is the tens digit of n/(-14) - (-8)/(-28)?
1
Let s = -135 + 223. Suppose -s - 78 = -2*x. What is the tens digit of x?
8
Let w(f) be the second derivative of f**3/2 + 3*f**2 + 66*f. Suppose 0 = -5*n - 4*v + 9, 2*v + 23 = 3*n - 0*v. What is the units digit of w(n)?
1
Suppose -4*h + 5*r + 29 = 0, -2*h - h = 5*r - 48. Let c(z) = 2*z**3 - 22*z**2 + 5*z - 1. What is the units digit of c(h)?
4
Suppose -6*l + 2*l - 20 = 0. Let g(q) = -q - 3. Let v be g(l). Suppose 5*y - 34 = -4*m, y + 4 = v*y - 2*m. What is the units digit of y?
6
Suppose 3*t + 1024 = 4*n + t, 0 = 2*n + 2*t - 512. What is the units digit of n?
6
Let z be 1*(2 + -3) + 67. Suppose 479 = 4*m + 107. Let u = m - z. What is the units digit of u?
7
Let c(y) = y - 10. Let s be c(-11). Let b = s + 29. Suppose 2*a - 6*a + 2*j = -172, b = 2*j. What is the units digit of a?
5
Let j = -53 + 49. Let q(k) = -13*k + 15. What is the units digit of q(j)?
7
Suppose 5*z + 37 = 2*z + 4*b, -56 = 5*z - b. Let d(l) = 18 + 0*l**2 + 7 - 4*l**2 + 3*l**2 - 14*l. What is the tens digit of d(z)?
5
Let g(i) = i - 12. Let t be g(6). Let m be t/15 + (-748)/(-20). Suppose -m = -0*h - h. What is the tens digit of h?
3
Suppose 0 = -13*q - 15942 + 69151. What is the tens digit of q?
9
Let q = 36 + -45. What is the hundreds digit of (-1)/((-1)/(-3)) + (q - -114)?
1
Let w = 22 - 19. Suppose -l = -w*r + 11, -2*l = 3*l - 4*r. Suppose -5*m + 180 = -h - l*h, -162 = -4*m - 5*h. What is the tens digit of m?
3
Let r be (-12)/3 + 95 - 1. Suppose -5*y + 4*s = -9, 3*y - 2*y - 4*s = -11. Suppose 0 = -x - 2, y*j = -5*x + 55 + r. What is the units digit of j?
1
What is the units digit of ((-98)/147)/((-2)/(1434/1))?
8
Suppose -15*a = 25*a - 45040. What is the tens digit of a?
2
Let g = 651 + -342. What is the hundreds digit of g?
3
Suppose 5*g + 24 + 10 = 3*l, -2*l + 4*g + 26 = 0. Let i(q) = -4*q + 12*q**3 - 6*q**l - 3*q + 4*q**2 - 5*q**3. What is the tens digit of i(-5)?
1
Let k(l) = 2*l**2 + 10*l - 88. What is the tens digit of k(-15)?
1
Let g(x) = 2*x + 103. What is the units digit of g(7)?
7
Let f = -10 - -27. Suppose -2 = 5*x - f. Suppose -3*v - 4*o + 86 = 0, 0 = -x*v + o + o + 56. What is the tens digit of v?
2
Suppose -2*p - 10 = 2*w, -3*p + 3*w - 13 = -2*p. Suppose 4*y - 15 + 23 = 0. Let l = y - p. What is the units digit of l?
5
Suppose -10*t = 18*t - 11536. What is the units digit of t?
2
Suppose -b + 6*b - 75 = 0. What is the units digit of 115/b + (-3)/((-9)/(-2))?
7
Let y(b) = b**2 + 9*b + 2. Let l be 4/8 + (-7)/(-2). Suppose -m + 2*t - 22 = -3, -m = t + l. What is the units digit of y(m)?
2
What is the thousands digit of (-536)/(-24)*(10 - -104)?
2
Suppose 7*l = 3*l + 2328. Suppose -4*k + l = j, -k + 143 = -3*j + 2*j. Let o = k + -71. What is the units digit of o?
4
Let y be -11 - (-1)/(3/9). Let w = 13 + y. Suppose -3*h = -w*n - 119, -5